 282. Determine n(-13).
9
Let z(c) = 4*c + 31. Give z(-6).
7
Let m(y) = -15*y + 10. Calculate m(8).
-110
Let o(k) = 5*k + 113. Calculate o(-25).
-12
Let i(c) = -3*c - 47. Calculate i(-29).
40
Let o(v) = v**2 + 19*v - 16. Calculate o(-20).
4
Let s(d) = -2*d**3 - 54*d**2 - d - 19. Calculate s(-27).
8
Let f(p) = p**2 + 16*p - 1. What is f(-12)?
-49
Let k(f) = -f**2. Determine k(3).
-9
Let v(i) = -i**2 + 3*i - 5. Give v(11).
-93
Let j(y) = -21*y - 2. What is j(-2)?
40
Let z(a) = -9*a - 201. Give z(-23).
6
Let f(c) = 4*c + 13. Determine f(10).
53
Let p(t) = t**2 + 35*t + 70. Calculate p(-32).
-26
Let t(k) = k**3 + 13*k**2 - 16*k - 33. What is t(-14)?
-5
Let b(o) = -o**2 + o - 2. Give b(-5).
-32
Let j(d) = d**3 - 10*d**2 - 23*d - 22. What is j(12)?
-10
Let x(j) = -9*j**2 + 397*j - 47. Calculate x(44).
-3
Let x(b) = 70*b - 64. Give x(1).
6
Let d(g) = -12*g**2 + g. Calculate d(1).
-11
Let c(b) = b**3 - 6*b**2 + 8*b + 5. Give c(4).
5
Let v(w) = 6*w - 133. Determine v(14).
-49
Let g(o) = -o**2 - o + 7. Give g(-3).
1
Let b(y) = -y**2 - 13*y + 25. What is b(2)?
-5
Let r(t) = -4*t**2 - 3*t - 3. Calculate r(-1).
-4
Let l(j) = 10*j**2 + 151*j + 11. What is l(-15)?
-4
Let l(w) = w**3 + 10*w**2 - 10*w + 6. What is l(-11)?
-5
Let m(j) = -j**2 - 11*j - 23. Give m(-7).
5
Let b(o) = -o**3 - 6*o**2 - 11*o - 21. Determine b(-4).
-9
Let b(z) = -z**2 - 8*z + 18. Calculate b(-9).
9
Let u(w) = -3*w**2 + 7*w + 14. What is u(5)?
-26
Let l(j) = j**2 - 9*j - 3. Determine l(9).
-3
Let j(i) = i**2 + 2*i - 4. Calculate j(3).
11
Let z(x) = x**3 + x**2 + 4*x. Give z(-3).
-30
Let g(i) = -i - 6. Determine g(8).
-14
Let h(y) = -y**2 + 5*y - 1. Determine h(6).
-7
Let n(j) = j**3 + 8*j**2 + 9*j + 5. Determine n(-6).
23
Let b(t) = -t**3 - 5*t**2 + 8*t - 5. What is b(-6)?
-17
Let z(v) = -v**3 + 12*v**2 + 15*v - 27. Determine z(13).
-1
Let i(k) = -2*k**2 - 13*k + 19. Calculate i(-8).
-5
Let k(z) = -z**3 + z**2 + 13*z + 16. Calculate k(-2).
2
Let m(a) = 5*a - 20. Determine m(3).
-5
Let l(i) = -23*i**2 - i. Give l(1).
-24
Let f(m) = m**3 - 3*m**2 - 5*m + 7. Determine f(1).
0
Let u(i) = 20*i + 1. What is u(-2)?
-39
Let i(a) = a**2 + 31*a - 103. Determine i(-34).
-1
Let m(v) = -4*v + 52. Determine m(-8).
84
Let a(c) = 12*c**2 + 85*c + 2. Calculate a(-7).
-5
Let h(j) = j**2 - j - 1. Give h(-3).
11
Let w(a) = -a**3 - 5*a**2 + 6*a + 4. Calculate w(-5).
-26
Let p(d) = -9*d**2 + 11*d + 11. Give p(-1).
-9
Let j(c) = -c**3 + 6*c**2 + 27*c + 7. Give j(9).
7
Let z(m) = -12*m + 63. What is z(7)?
-21
Let u(a) = a**3 + a**2 + a + 83. Give u(0).
83
Let j(v) = -v**2 + 34*v - 73. Calculate j(31).
20
Let a(q) = -q**3 - 25*q**2 + 8. Calculate a(-25).
8
Let g(u) = 23*u - 51. What is g(5)?
64
Let d(m) = -4*m + 44. Determine d(11).
0
Let w(a) = a - 12. Calculate w(20).
8
Let i(o) = -o + 11. Determine i(7).
4
Let v(a) = a - 4. What is v(7)?
3
Let s(m) = -2*m**2 + m + 13. What is s(-3)?
-8
Let m(s) = -s**2 - 34*s - 282. Give m(-19).
3
Let j(q) = -q**2 + 18*q - 15. Determine j(17).
2
Let d(r) = 3*r**3 - 25*r**2 + 10*r - 15. What is d(8)?
1
Let o(y) = -y**3 - 18*y**2 - 17*y - 9. Determine o(-17).
-9
Let s(g) = -12*g + 1. Determine s(-3).
37
Let o(k) = -3*k**2 + 83*k + 28. Give o(28).
0
Let b(u) = 2*u**2 + 5*u + 10. Calculate b(-5).
35
Let n(b) = 14*b - 1. Calculate n(3).
41
Let o(a) = -4*a**2 - 7*a + 4. Determine o(-4).
-32
Let y(r) = r**3 + 5*r**2 + 5*r + 14. Give y(-4).
10
Let o(c) = c + 18. Give o(-9).
9
Let r(x) = 2*x**3 - 2*x**2 - 2*x + 2. Give r(2).
6
Let i(l) = 3*l**2 + 28*l + 137. Determine i(-9).
128
Let k(u) = 16*u - 188. Give k(12).
4
Let i(j) = -j**3 - j**2 + 16. Calculate i(0).
16
Let f(j) = j**2 - 21*j + 28. Determine f(14).
-70
Let j(f) = 37*f**3 + 4*f**2 + f - 1. Give j(-1).
-35
Let r(w) = w**3 - 5*w**2 - 7. What is r(5)?
-7
Let b(y) = -y - 32. Determine b(8).
-40
Let w(m) = -8*m - 43. What is w(-6)?
5
Let o(i) = -i**3 + 21*i - 6. What is o(-5)?
14
Let g(i) = 2*i**2 + 31*i - 19. Calculate g(-18).
71
Let y(o) = o**2 + 16*o + 30. Calculate y(-12).
-18
Let y(a) = -a**3 - 4*a**2 + 15*a + 19. What is y(-6)?
1
Let c(f) = -2*f**3 - f**2 - f - 4. Give c(-3).
44
Let k(x) = -10*x**2 + 3*x + 10. Determine k(5).
-225
Let c(s) = 8*s - 13. Calculate c(2).
3
Let z(b) = b**2 + 18*b - 32. Give z(-20).
8
Let d(n) = 5*n + 157. Calculate d(-36).
-23
Let j(u) = -u**3 + 7*u**2 - 2*u + 1. Give j(7).
-13
Let f(u) = u**3 - 8*u**2 + u - 5. Calculate f(8).
3
Let t(o) = o**3 - 6*o**2 + 4*o. Give t(5).
-5
Let w(h) = 7*h - 17. Give w(3).
4
Let d(u) = 8*u + 14. Calculate d(-9).
-58
Let v(n) = n - 3. What is v(-2)?
-5
Let l(i) = -7*i**3 + 4*i**2 + i - 2. Calculate l(-1).
8
Let c(v) = -v**3 - 13*v**2 - 20*v + 2. Give c(-11).
-20
Let l(g) = -2*g - 23. Determine l(-14).
5
Let d(u) = u**2 + 61*u + 345. Give d(-55).
15
Let f(n) = -8*n**3 - n + 2. Determine f(1).
-7
Let h(u) = -2*u - 1. What is h(-1)?
1
Let f(m) = 6*m - 16. Determine f(-8).
-64
Let w(r) = 7*r + 9. Give w(-6).
-33
Let z(v) = v - 4. Determine z(-6).
-10
Let z(k) = -30*k - 56. Calculate z(-4).
64
Let m(p) = p**2 + 9*p - 10. What is m(-7)?
-24
Let r(a) = a**2 + 14*a + 34. Calculate r(-8).
-14
Let s(k) = 7*k + 273. Calculate s(-39).
0
Let w(f) = -f**3 - 4*f**2 - 2*f - 6. Calculate w(-4).
2
Let q(s) = -4*s**2 - 5*s + 48. Give q(-4).
4
Let h(o) = -o - 32. Determine h(-24).
-8
Let a(z) = -19*z + 950. Calculate a(50).
0
Let g(c) = -9*c + 97. What is g(15)?
-38
Let w(t) = t**3 - 7*t**2 + 11*t + 2. Calculate w(5).
7
Let q(a) = a**3 + 15*a**2 - 20*a - 55. Calculate q(-16).
9
Let h(r) = -r**3 + 4*r**2 + 6*r - 1. Give h(5).
4
Let t(l) = l**3 + 12*l**2 + 10*l - 16. Determine t(-11).
-5
Let n(w) = 19*w**3 + w**2 - 5*w + 5. What is n(1)?
20
Let t(u) = -4*u**2 + 20*u - 3. Give t(7).
-59
Let j(r) = r**2 + 6*r + 9. What is j(-6)?
9
Let s(i) = -i**3 + 5*i**2 - 4*i + 7. Determine s(4).
7
Let s(g) = g**3 - 7*g**2 - 7*g - 16. Determine s(7).
-65
Let x(q) = q**2 - 25*q - 107. Calculate x(29).
9
Let n(f) = -4*f**3 + 8*f**2 - 4*f + 4. Give n(2).
-4
Let m(v) = -v**3 - 16*v**2 - 2*v - 32. Calculate m(-16).
0
Let x(u) = -4*u - 43. What is x(-10)?
-3
Let o(a) = -15*a**2 + 4*a - 1. Calculate o(1).
-12
Let h(y) = 128*y - 882. Give h(7).
14
Let f(b) = -10*b - 5. Determine f(-3).
25
Let u(g) = -g**3 - 26*g**2 + 24*g - 9. Calculate u(-27).
72
Let l(b) = -5*b**2 + 34*b + 23. Give l(7).
16
Let w(y) = -y**2 - 11*y + 2. Determine w(-11).
2
Let m(j) = j**3 + 4*j**2 + 5*j - 6. What is m(-3)?
-12
Let t(a) = 5*a - 14. Give t(-18).
-104
Let x(p) = 4*p + 36. Calculate x(-7).
8
Let d(o) = -39*o**3 + o**2 + 3*o + 1. Calculate d(-1).
38
Let i(s) = -2*s**3 - 71*s**2 + 34*s - 81. Give i(-36).
-9
Let a(q) = -187*q + 375. Give a(2).
1
Let d(b) = b**3 - b + 6. Calculate d(0).
6
Let t(u) = -u**2 + 5*u - 3. Calculate t(2).
3
Let z(r) = r - 17. Give z(5).
-12
Let l(b) = -b**2 - 5*b - 2. What is l(-3)?
4
Let r(w) = -13*w + 6. Determine r(-2).
32
Let c(n) = n**3 + 17*n**2 + 6*n + 106. Calculate c(-17).
4
Let t(v) = v**3 - 27*v**2 + 51*v - 12. Calculate t(25).
13
Let r(q) = 16*q + 87. Give r(-7).
-25
Let c(s) = -6*s - 3. What is c(7)?
-45
Let o(n) = 5*n + 22. Calculate o(-8).
-18
Let n(y) = -y**2 + 9*y - 18. Give n(10).
-28
Let w(x) = -x**3 + 6*x**2 - 3*x - 2. Calculate w(5).
8
Let d(g) = -4*g**2 - 50*g - 15. What is d(-12)?
9
Let x(l) = l**3 - 11*l**2 - 19. Give x(9).
-181
Let y(s) = 2*s**2 + 33*s - 5. Give y(-16).
-21
Let x(k) = -2*k**3 - k**2 - k - 2. Calculate x(-2).
12
Let b(d) = -14*d + 68. What is b(5)?
-2
Let r(p) = -p + 18. Give r(0).
18
Let i(c) = -c**3 - 33*c**2 - 29*c + 96. Determine i(-32).
0
Let x(y) = -2*y**2 + 12*y - 12. Calculate x(7).
-26
Let c(k) = 8*k**3 - 2*k**2 - k + 5. Give c(2).
59
Let k(v) = v**2 - 3*v - 2. Calculate k(-1).
2
Let t(w) = -w**2 - 13*w - 17. Give t(-12).
-5
Let m(q) = -q**3 + 18*q**2 + 13*q - 19. Determine m(19).
-133
Let h(g) = 2*g**3 + 103*g**2 + 50*g - 47. Give h(-51).
4
Let d(m) = 2*m**2 - 2*m + 1. Determine d(1).
1
Let p(a) = -a**2 + 8*a - 9. Calculate p(8).
-9
Let d(f) = -86*f**3 + 1. Calculate d(-1).
87
Let g(o) = -o**2 - 6*o - 3. What is g(-2)?
5
Let m(a) = -24*a**2 - 2*a + 6. What is m(2)?
-94
Let q(g) = 6*g - 6. What is q(2)?
6
Let j(s) = s**3 - 11*s**2 + 27*s - 4. Determine j(3).
5
Let c(y) = y**2 - 24*y + 6. What is c(19)?
-89
Let l(i) = -i**2 + 7*i - 14. What is l(6)?
-8
